s divided by 21.
18
Suppose -2*g = -3*z - 37, 4*z - g = 2*g - 48. Suppose -2*q + 0*q = 152. Calculate the remainder when q/(-3) - (-5)/z is divided by 9.
7
Let q = -3 - -6. Suppose q*a - 23 - 1 = 0. Let l(m) = m**3 + 8*m**2 + 8*m + 10. What is the remainder when a is divided by l(-7)?
2
Let p(b) = -b**2 - 2*b - 1. Let z be p(-4). Let r = -8 - z. What is the remainder when 32 - ((0 - 1) + r) is divided by 11?
10
Suppose 2*u - 87 = 4*v + 97, -2*u + 199 = v. What is the remainder when u is divided by 25?
23
Let u = -1 + 2. Let n = -500 - -517. What is the remainder when -1 - -3*u - -63 is divided by n?
14
Let g be (-7 - -3) + 0 + -1. Let s = 11 + g. What is the remainder when 11 is divided by s?
5
Let w(b) = b**2 - 2*b + 1. Suppose -5*r - 8 = -i + 9, -4*r = 12. Let d be w(i). Let x = d + 5. Calculate the remainder when 16 is divided by x.
4
Suppose -2*t + 2 = 2*b + 4, -4*b - 39 = -3*t. Let d = b - -19. Calculate the remainder when d is divided by 7.
6
Suppose 0 = -3*j + j. Suppose -v + 4*v - 15 = j. What is the remainder when v is divided by 2?
1
What is the remainder when 4/((-20)/(-5)) - -70 - 4 is divided by 24?
19
Let g = 22 - -10. Suppose -m - g = -3*m. Calculate the remainder when m is divided by 2 + 3/(-6)*-14.
7
Suppose -2*g = -0*g - 134. Calculate the remainder when g is divided by (0 - (-4)/12)*69.
21
Let k be 4/(-4) - (0 - 3). Suppose k*q + 28 = 6*q. What is the remainder when 27 is divided by q?
6
Suppose -49*u - 38 = -50*u. What is the remainder when u is divided by (5 - 1)/1*2?
6
Calculate the remainder when (2 + -11)/(8/(-24)) is divided by 15.
12
Suppose -8*y + 133 = -315. Calculate the remainder when y is divided by 29.
27
Suppose -2*h - 43 = -4*i + i, 5*i + 4*h - 79 = 0. Let s = 108 - 54. Let c = 98 - s. What is the remainder when c is divided by i?
14
Suppose w = 6*j - 2*j - 19, 0 = -5*j + 5*w + 20. Suppose 0 = -j*c + 5*b + 65, -8*b + 39 = 3*c - 4*b. What is the remainder when 24 is divided by c?
11
Let k(d) = -2*d - 2. Let a be k(3). Let w be 3/(-15) - (-18)/(-10). Calculate the remainder when 38 is divided by (-52)/a*(0 - w).
12
Suppose 5*j - 48 + 5 = -3*l, 0 = -4*j - 16. Suppose 3*x + 3*x - 198 = 0. Suppose -7*d - x = -10*d. Calculate the remainder when l is divided by d.
10
Let c = -141 + 152. Calculate the remainder when 47 is divided by c.
3
What is the remainder when 131 is divided by 15/(-2)*12/(-6)?
11
Let h = 278 - 183. Calculate the remainder when h is divided by 24.
23
Suppose -t + 4*t - 6 = 0. Suppose -t*u = u - 27. What is the remainder when u is divided by 4?
1
Let j(b) = b**3 + 9*b**2 - 20*b + 26. Suppose 0 = -3*a - 3, 5*a - 11 = r - 27. What is the remainder when r is divided by j(-11)?
3
Let q = 0 + 2. Let n(b) = 6*b**3 + b**2. Let g be n(-1). Let p(m) = m**2 + 4*m - 3. Calculate the remainder when p(g) is divided by q.
0
Let z = -10 - -11. What is the remainder when 3 is divided by z?
0
Let q(n) = n**2 - n - 4. Calculate the remainder when 11 is divided by q(-3).
3
What is the remainder when 110 is divided by (0/1 + -1)*(-52 + 14)?
34
Let k = 29 - -61. What is the remainder when k is divided by ((-2)/4)/(12/(-552))?
21
Let y = 277 + -118. What is the remainder when y is divided by 40?
39
Suppose -18 = -4*h - 3*i + 4, 3*h - 27 = 3*i. Suppose 2*j - 1 = 15. Suppose -3*k - j - 1 = -2*a, 0 = a - 3*k + 3. What is the remainder when a is divided by h?
5
Suppose -72 - 21 = -3*a. What is the remainder when 61 is divided by a?
30
Calculate the remainder when (2/4)/(4/424) is divided by 14.
11
Suppose -4*m - 20 = m. Let j(r) = -r**3 - 3*r**2 + 5*r - 2. Let a be j(m). Let g = a + 10. Calculate the remainder when 10 is divided by g.
2
Let a(q) = -5*q + 2. Let l be a(-6). Let u = -16 + l. Suppose -7*g + 124 = -5*g. Calculate the remainder when g is divided by u.
14
Let r = 15 - 8. Let n = r + 1. What is the remainder when n is divided by 5?
3
Let y = 6 + -4. Let g(w) = 2*w + 6*w - 3*w**y - 4 + 2*w**2. What is the remainder when 23 is divided by g(6)?
7
Let o(x) be the first derivative of x**4/4 - 5*x**3/3 + x**2 + 7*x + 1. Let t(g) = g**2 - 5*g - 4. What is the remainder when o(5) is divided by t(7)?
7
Let u(g) = 5*g - 10. Suppose -k - 39 = -n - 4*n, 0 = n - 5*k - 3. Let b be u(n). Let f = b - 20. What is the remainder when 38 is divided by f?
8
Suppose 22 - 7 = 5*r. Suppose -5*i = 5*f - 180, 5*i - 40 - 136 = -r*f. What is the remainder when i is divided by (-2 - -3) + 1 + 16?
16
Let k(w) = 3*w + 1 + 2 - 6. What is the remainder when 21 is divided by k(5)?
9
Let k = 56 + -27. Calculate the remainder when 55 is divided by k.
26
Let o(c) be the third derivative of c**4/12 + c**3/2 - 4*c**2. Suppose -4*r + r = -4*w - 92, -128 = -3*r - 5*w. What is the remainder when r is divided by o(8)?
17
Calculate the remainder when 34 is divided by 3 - (1 - -5)*-1.
7
Let y(z) = z**2 + 1 - 4*z + 0 + 4. Let h be y(6). Suppose f - 2*v = -6, v - 6*v = -2*f - h. What is the remainder when 10 is divided by f?
2
Let i(q) = -3*q - 2. What is the remainder when 50 is divided by i(-5)?
11
Suppose 2*b - 14 = -0*b. Let t be -1 + 1 - 0/(-1). Suppose t*f - 4*m - 12 = -f, 0 = -5*m. What is the remainder when f is divided by b?
5
Let a(p) = p**3 - 4*p**2 - 10*p + 9. Suppose -1 = 2*u - 13. Calculate the remainder when a(u) is divided by 11.
10
Suppose 0*x - 3*x + 7 = -b, 0 = 5*x - 3*b - 9. What is the remainder when 7 is divided by 14/x - (-4)/(-6)?
3
Let m(v) = 3*v - 1. Let g(w) = -4*w + 1. Calculate the remainder when m(9) is divided by g(-2).
8
Let z(t) = 4*t**2 + 10*t + 1. Calculate the remainder when z(-4) is divided by 4.
1
Suppose -58 = -r + 41. Let w = -62 + r. Calculate the remainder when w is divided by 13.
11
Let j = 10 + 0. Suppose -5*w = 3*k + 19, -12 - 13 = 5*w. What is the remainder when j is divided by (11 - -1)/2 - k?
2
Let y(j) = -3 - 2*j**2 + 2 + 0 - 3*j - 1 - j**3. Calculate the remainder when 14 is divided by y(-2).
2
Let k(o) = 2*o - 2. Suppose -h - 5*a = 3*h + 29, -1 = a. Let r be 16/h*(-1 - 2). What is the remainder when k(r) is divided by 5?
4
Let g = -18 + 41. What is the remainder when g is divided by -2 - (-5 - 9/3)?
5
Suppose 3*s + 5 = -4. Calculate the remainder when (-2 - s)*(1 - 0) is divided by 1.
0
Suppose -3*c = -4*c + 18. Let d = -2 - -7. What is the remainder when c is divided by d?
3
Calculate the remainder when 38 is divided by 2/6 - 880/(-60).
8
Suppose -11*j = -14*j + 258. Calculate the remainder when j is divided by 22.
20
What is the remainder when 53 is divided by 18 - (-2 + 1 - -1)?
17
What is the remainder when 40 is divided by (1 + 1)*-2 - -25?
19
Suppose -q = q - 224. Suppose 0*d + 4*d = q. Calculate the remainder when d is divided by -1 + 1 + (1 - -14).
13
Let h(o) = -o**2 + 12*o + 2. Let j be h(12). Suppose -2*l + 6*l = -j*z + 140, 4*l - z = 128. Calculate the remainder when l is divided by 12.
9
Suppose 5*n + u = -u + 8, -4*u - 12 = -4*n. Let f = 11 - n. What is the remainder when f is divided by 6?
3
Let l = 28 + -22. What is the remainder when 89 is divided by l?
5
Let r be (3/5)/((-2)/(-10)). Let z = 5 - r. Let m(w) = -w**2 + 2*w + 2. Calculate the remainder when z is divided by m(2).
0
What is the remainder when 103 is divided by (6 + (-174)/24)*(1 + -13)?
13
Suppose -3*l - 2*l + 20 = 0. Suppose i - 18 = l*w, -w = -5*i - 2*w + 6. What is the remainder when i is divided by 1?
0
Suppose -o = -h, -3*o + 36 - 1 = 4*h. Calculate the remainder when o is divided by 3.
2
Let y be (-2)/5 + 3494/10. Suppose 5*t - y - 226 = 0. Calculate the remainder when t is divided by 29.
28
Let o = 8 + 4. Suppose -53 = -4*n + 83. Calculate the remainder when n is divided by o.
10
Suppose -4*j + 3*h + 51 = 2*h, -2*h + 2 = 0. Let r be (0/(-1))/(4/(-2)). Calculate the remainder when j is divided by -1 + 12/(r + 2).
3
Suppose -5*q + 33 = 3. Let a = 9 - q. Suppose 3*r + 3 = -3*d, 0 = -5*d + d - a*r - 1. What is the remainder when 3 is divided by d?
1
Suppose -3*a = -22 - 5. What is the remainder when 26 is divided by a?
8
Suppose -2*k - 2*x + 54 = -10, k + 4*x - 41 = 0. Calculate the remainder when k is divided by 6.
5
Let h(r) = r**2 - 4*r + 3. Let c be h(4). Let f be 0 + c + 6/3. Suppose 0 = -p - 2*x - x + 6, 0 = f*p - x - 14. What is the remainder when 8 is divided by p?
2
Let d be (-1)/(-2) + 55/(-22). What is the remain